hest common factor of 34 and q?
17
Suppose -5*q = -w - 11, 6 = 2*w + 2*q - 8. Suppose -5*n + 2*k = -71, 39 = 3*n - k - w. What is the highest common factor of n and 3?
3
Suppose 3*g - 24 = 3*x, -2*g + 4*x - 22 = -7*g. Suppose -4*k + 5 = c, g*c = c + 3*k + 71. What is the highest common divisor of c and 117?
13
Let o = -31 - -45. Suppose -3*k + 3*w = -339, 5*w - w - 220 = -2*k. What is the greatest common divisor of o and k?
14
Let t be 12*((-15)/9 + -1). Let o = -14 - t. Suppose -236 + 56 = -4*g. Calculate the greatest common factor of g and o.
9
Let h(s) = -s + 9. Let n be h(7). Suppose -n*v = v - 420. Let d be v/15 + (-4)/(-6). What is the greatest common factor of d and 50?
10
Suppose -162 + 22 = -2*r. What is the greatest common divisor of r and 10?
10
Suppose n - 2 = -0. Suppose -3*l = -t - n - 13, 0 = 3*l + 2*t - 6. Suppose 2*w - 4*i = 52, 2*i - 9 = 1. Calculate the highest common divisor of w and l.
4
Let q(c) = c**3 + 4*c**2 - 2*c - 4. Let i be q(-4). Let r be 0 + 4*(-18)/i. Let p = -12 - r. Calculate the highest common divisor of p and 4.
2
Let k be (-13)/(-4) + (-9)/(-12). Let f be (-2)/4*(-4 + k). Let q be -1 - 2 - (-13 - f). Calculate the greatest common factor of q and 15.
5
Suppose -209 = 4*t - 5*t. What is the highest common divisor of 19 and t?
19
Let u(h) = -h**3 + 8*h**2 - 7*h + 2. Let m be u(6). What is the greatest common divisor of 32 and m?
32
Suppose 9*p - 4*p - 5*c = 0, 3*p = -5*c + 16. Suppose -p*b = -22 - 48. Let w = 75 - b. Calculate the greatest common divisor of 8 and w.
8
Let s = 23 + -13. Let t = 91 - 31. What is the greatest common divisor of t and s?
10
Let q = -11 + 20. Suppose -4*o = -8*o + 4. What is the highest common divisor of o and q?
1
Suppose 1 = 2*m - 73. What is the greatest common factor of m and 37?
37
Let w be 8/1*2/4. Suppose -s + 2*j + 1 = 2, -j = -2*s + 7. Suppose -3*h + 140 = 4*g, 3*g + s*h - 116 = -0*g. What is the greatest common factor of w and g?
4
Let c be 6/15 - (-256)/10. Let h be 13 + 0*2/2. Calculate the highest common factor of c and h.
13
Let g(u) = 12*u**2 - 2*u + 1. Let z be g(1). Suppose -3*n = n - 12. Let p be (n/(-5))/(1/(-55)). What is the highest common divisor of p and z?
11
Let t = -43 - -70. What is the highest common divisor of t and 108?
27
Let k(c) = -c**2 - 5*c + 1. Let t be k(-4). Suppose t*b = 37 - 197. Let m = -17 - b. Calculate the highest common divisor of 15 and m.
15
Suppose 25 = -5*n - 15. Let j be 6/16*-2*n. Let k be 3/j + 30/4. Calculate the greatest common divisor of 64 and k.
8
Suppose 3*z - 2*b - 98 = 0, 0 = z - 4*b - 13 - 3. Calculate the highest common divisor of z and 60.
12
Suppose b - 96 = -3*b. Calculate the greatest common divisor of b and 36.
12
Let b be 84/147*35/2. Calculate the highest common factor of 110 and b.
10
Suppose 0 = 3*s + v + 541, 5*s = 3*v - 0*v - 911. Let d = s - -258. Calculate the greatest common factor of 7 and d.
7
Let z be (4 + 21)*(-42)/(-15). Calculate the greatest common divisor of z and 10.
10
Let j(a) = a - 6. Let b be j(7). Let t be -2 - 0 - b - -12. What is the highest common factor of t and 72?
9
Let y(h) = -92*h**3 - h - 1. Suppose -2 - 1 = 3*n. Let i be y(n). What is the greatest common divisor of 23 and i?
23
Let a(g) = -4*g + 17. Let y be a(8). Let o be (2 - 32/12)*y. Calculate the highest common factor of o and 2.
2
Let a = -42 + 91. Let j be (14/(-21))/((-2)/12). Let p be (1*(-11 + j))/(-1). What is the highest common divisor of p and a?
7
Let k be (20/(-2))/(12 - 14). Let h = k + 9. Let n be 2/7 + (-1076)/(-7). Calculate the highest common factor of n and h.
14
Suppose -4*o - 5*c = -21, 2*c = 2*o - 0 - 6. Calculate the highest common divisor of o and 20.
4
Suppose -2*u + 24 = -80. What is the greatest common divisor of 78 and u?
26
Suppose 0*h - 16 = 4*h. Let q(a) = 3*a + 1. Let j be q(h). Let b be j/(-1) + 0/1. Calculate the greatest common divisor of b and 44.
11
Let l = 171 - 83. Let x be 0 + (13 - (-1 - -3)). What is the greatest common factor of x and l?
11
Let s(t) = t**2 + 4*t - 7. Let g be s(5). Suppose g = -3*r + v + 3*v, -2*r + v = 27. Let i be (-3)/3*(r + -1). Calculate the highest common divisor of 10 and i.
5
Let c(j) be the second derivative of 2*j**4 - j**3/2 - j**2 - 3*j. Let a be c(-1). What is the greatest common factor of a and 5?
5
Suppose g - 158 = -g. Suppose -5*u + 71 = 5*k - 4, -5*u - 4*k + g = 0. Let n = u - 5. What is the greatest common factor of 126 and n?
14
Let l be (-21)/(-3) + -1 + 0. Calculate the greatest common factor of l and 48.
6
Let t(c) = 2*c**2 - 10*c + 12. Let o be t(7). Calculate the greatest common divisor of o and 10.
10
Let i be (-2)/(-10) - (-312)/40. What is the greatest common divisor of 88 and i?
8
Let o be (-392)/(-20) - 3/5. Calculate the highest common divisor of o and 171.
19
Suppose -3*o = -4*o + 5*s - 7, 0 = 2*s - 10. What is the greatest common factor of o and 9?
9
Suppose -i - 2*i + 6 = 0. Calculate the greatest common factor of 16 and i.
2
Suppose -a = a - 66. What is the greatest common divisor of 22 and a?
11
Suppose l - 3*v = 9, 4*l + 2*v + 3*v = 19. Suppose l = -o + 18. What is the highest common divisor of 18 and o?
6
Let s = 33 - 16. Calculate the greatest common factor of s and 34.
17
Suppose 8*v = 9*v. Suppose v = 8*x - 7*x - 12. Calculate the highest common factor of 96 and x.
12
Suppose 4*r = 3*l - 177, -2*l - 5*r + 40 = -l. Suppose -66 = -q - 2*q. Calculate the greatest common divisor of q and l.
11
Let i = 27 + -18. Let m = i + -6. Let q = -18 - -24. Calculate the highest common divisor of m and q.
3
Suppose 0 = 8*o - 10*o + 36. Calculate the greatest common factor of 144 and o.
18
Let d(u) = 6*u + 6 - 2*u + 7*u + 2*u**2 - 5*u. Let z be d(-4). Calculate the greatest common factor of 14 and z.
14
Suppose 3*g = -2*t + 512 + 14, -3*g + 5*t = -533. Suppose -46 = 5*r - g. Suppose 5*v = 3 + 62. What is the highest common divisor of v and r?
13
Let y(n) = n**3 - 12*n**2 - 11*n - 22. Let q be y(13). Let u(p) = -p**2 - p + 2. Let g be u(0). Calculate the greatest common factor of q and g.
2
Let t be 34/(-6) - (-10)/15. Let l be 164/10 + 2/t. Let u be 4/6 + (-94)/(-3). What is the greatest common divisor of l and u?
16
Suppose d + 75 = 4*d. Let n(r) be the first derivative of r**3/3 + 5*r**2 + 10*r - 4. Let h be n(-10). Calculate the highest common factor of d and h.
5
Suppose 3*i = 9 - 12. Let p = i - -13. Let c(x) = -x**3 + x**2 + 96. Let r be c(0). What is the greatest common divisor of r and p?
12
Suppose 2*n - 5*n = -90. Suppose -6*m - 128 = -2*m. Let j be m/((-2)/1) + -1. Calculate the greatest common divisor of j and n.
15
Suppose 4*x + 3 = -x + 2*z, -x + 5 = z. Let w = 6 - x. What is the highest common factor of w and 10?
5
Suppose 7*n = 246 - 43. Calculate the highest common factor of 261 and n.
29
Let m be (-31)/(-6) + 7/(-42). Suppose s + 0*s - 8 = -3*p, 0 = -5*p + s + 16. Let b = 4 - p. What is the highest common divisor of m and b?
1
Let b = -38 - -101. Let x(o) = -2*o**3 - 2*o**2 + o + 1. Let q be x(-2). What is the highest common divisor of b and q?
7
Let y = -28 - -31. Calculate the greatest common divisor of y and 30.
3
Let w(j) = j**2 + j - 9. Let y be w(0). Suppose 2*v = 6*v + 64. Let l = y - v. What is the highest common factor of l and 56?
7
Suppose 0 = u - 17 - 5. Calculate the greatest common divisor of 66 and u.
22
Suppose 0 = -7*v + 3*v - 4*k + 1092, -5*v + 1359 = -k. Calculate the greatest common factor of v and 34.
34
Suppose -4*b - 6*z + 5*z + 341 = 0, -5*z + 345 = 4*b. Calculate the highest common divisor of b and 17.
17
Let v be 636/9 - 6/9. What is the greatest common divisor of v and 10?
10
Suppose -3*b = 3*k - 708, b - 256 = -10*k + 5*k. Suppose 75 = 4*v - 9. What is the highest common factor of b and v?
21
Suppose 5*u - 3*x - 174 = 0, -4*x + 13 = -3*u + 113. What is the highest common factor of 24 and u?
12
Let p be ((-2)/5)/(1/(-45)). Let r(q) = -4*q + 4. Let t be r(-3). Suppose 2*x - 2 - t = 0. Calculate the highest common divisor of p and x.
9
Let f(a) = 19*a**2 - 1. Let n be f(1). What is the greatest common divisor of n and 9?
9
Suppose -78 = -13*d + 1443. Suppose -5*i = -0*i - 65. What is the greatest common factor of d and i?
13
Suppose 5 = 4*k - 15. Suppose 3*t + t = -k*l - 326, 0 = 4*l + t + 263. Let r = 